ulate the remainder when 174301 is divided by 89.
39
What is the remainder when 54521 is divided by 768?
761
Calculate the remainder when 3122 is divided by 337.
89
What is the remainder when 16739 is divided by 83?
56
What is the remainder when 9987 is divided by 149?
4
Calculate the remainder when 2296 is divided by 381.
10
What is the remainder when 19881 is divided by 425?
331
What is the remainder when 2256 is divided by 2?
0
What is the remainder when 169856 is divided by 8936?
72
Calculate the remainder when 37088 is divided by 44.
40
Calculate the remainder when 14594 is divided by 356.
354
Calculate the remainder when 868892 is divided by 71.
65
What is the remainder when 146835 is divided by 874?
3
What is the remainder when 126447 is divided by 134?
85
Calculate the remainder when 786 is divided by 198.
192
What is the remainder when 19652 is divided by 9820?
12
Calculate the remainder when 907 is divided by 305.
297
What is the remainder when 1424 is divided by 366?
326
What is the remainder when 58067 is divided by 12?
11
Calculate the remainder when 154158 is divided by 5315.
23
What is the remainder when 81686 is divided by 1433?
5
Calculate the remainder when 16958 is divided by 57.
29
What is the remainder when 157169 is divided by 183?
155
Calculate the remainder when 31005 is divided by 65.
0
What is the remainder when 27125 is divided by 756?
665
What is the remainder when 1606 is divided by 802?
2
What is the remainder when 9528 is divided by 672?
120
Calculate the remainder when 10851 is divided by 5154.
543
Calculate the remainder when 188 is divided by 70.
48
Calculate the remainder when 120656 is divided by 17210.
186
What is the remainder when 111400 is divided by 15?
10
Calculate the remainder when 553 is divided by 147.
112
Calculate the remainder when 11805 is divided by 3931.
12
What is the remainder when 12043 is divided by 1503?
19
Calculate the remainder when 7834 is divided by 1375.
959
Calculate the remainder when 92926 is divided by 92884.
42
What is the remainder when 16187 is divided by 108?
95
What is the remainder when 5397 is divided by 628?
373
Calculate the remainder when 24566 is divided by 1116.
14
Calculate the remainder when 41878 is divided by 18.
10
What is the remainder when 69636 is divided by 3865?
66
What is the remainder when 3005 is divided by 2489?
516
Calculate the remainder when 514567 is divided by 73505.
32
Calculate the remainder when 7456 is divided by 65.
46
Calculate the remainder when 1546 is divided by 102.
16
What is the remainder when 11504 is divided by 5495?
514
What is the remainder when 40178 is divided by 70?
68
Calculate the remainder when 49890 is divided by 81.
75
What is the remainder when 112988 is divided by 164?
156
What is the remainder when 3550 is divided by 862?
102
Calculate the remainder when 313108 is divided by 63.
61
What is the remainder when 144288 is divided by 75?
63
What is the remainder when 2599 is divided by 259?
9
Calculate the remainder when 58867 is divided by 123.
73
Calculate the remainder when 253092 is divided by 390.
372
Calculate the remainder when 2129423 is divided by 669.
665
What is the remainder when 34857 is divided by 20?
17
Calculate the remainder when 17495 is divided by 3898.
1903
Calculate the remainder when 2111 is divided by 129.
47
Calculate the remainder when 4011 is divided by 794.
41
What is the remainder when 197797 is divided by 10?
7
What is the remainder when 3174 is divided by 289?
284
Calculate the remainder when 33060 is divided by 124.
76
What is the remainder when 10679 is divided by 60?
59
Calculate the remainder when 4350 is divided by 4333.
17
What is the remainder when 1359 is divided by 688?
671
Calculate the remainder when 3586 is divided by 4.
2
Calculate the remainder when 340 is divided by 31.
30
Calculate the remainder when 1536 is divided by 350.
136
Calculate the remainder when 114298 is divided by 225.
223
Calculate the remainder when 308322 is divided by 102760.
42
Calculate the remainder when 30595 is divided by 15.
10
Calculate the remainder when 962 is divided by 856.
106
Calculate the remainder when 62839 is divided by 319.
315
Calculate the remainder when 2415 is divided by 96.
15
What is the remainder when 80966 is divided by 8?
6
What is the remainder when 522046 is divided by 24?
22
Calculate the remainder when 12953 is divided by 324.
317
What is the remainder when 36132 is divided by 27?
6
What is the remainder when 648 is divided by 116?
68
Calculate the remainder when 5123 is divided by 118.
49
Calculate the remainder when 87 is divided by 14.
3
Calculate the remainder when 559172 is divided by 93191.
26
Calculate the remainder when 2059 is divided by 304.
235
What is the remainder when 88709 is divided by 1199?
1182
What is the remainder when 41756 is divided by 114?
32
Calculate the remainder when 14872 is divided by 1486.
12
Calculate the remainder when 10602 is divided by 961.
31
Calculate the remainder when 13971 is divided by 4235.
1266
What is the remainder when 4702 is divided by 2074?
554
Calculate the remainder when 2236 is divided by 52.
0
What is the remainder when 8272 is divided by 42?
40
Calculate the remainder when 576173 is divided by 144038.
21
Calculate the remainder when 32378 is divided by 297.
5
What is the remainder when 106147 is divided by 5586?
13
What is the remainder when 783 is divided by 279?
225
Calculate the remainder when 10744 is divided by 25.
19
What is the remainder when 15958 is divided by 17?
12
Calculate the remainder when 2324782 is divided by 19.
18
What is the remainder when 1395 is divided by 672?
51
Calculate the remainder when 601562 is divided by 14.
10
What is the remainder when 22820 is divided by 43?
30
Calculate the remainder when 3055 is divided by 63.
31
What is the remainder when 102695 is divided by 2282?
5
Calculate the remainder when 1460305 is divided by 389.
388
Calculate the remainder when 13838 is divided by 148.
74
Calculate the remainder when 55695 is divided by 26.
3
What is the remainder when 118683 is divided by 686?
5
What is the remainder when 37477 is divided by 104?
37
Calculate the remainder when 25522 is divided by 319.
2
Calculate the remainder when 9922 is divided by 145.
62
What is the remainder when 15116 is divided by 3018?
26
Calculate the remainder when 8839 is divided by 634.
597
What is the remainder when 9780 is divided by 128?
52
Calculate the remainder when 1118995 is divided by 89.
87
What is the remainder when 11158 is divided by 11155?
3
Calculate the remainder when 1433 is divided by 394.
251
What is the remainder when 5495 is divided by 783?
14
Calculate the remainder when 52331 is divided by 89.
88
What is the remainder when 34629 is divided by 245?
84
Calculate the remainder when 203033 is divided by 118.
73
Calculate the remainder when 840785 is divided by 60.
5
Calculate the remainder when 20983 is divided by 25.
8
Calculate the remainder when 10337 is divided by 690.
677
What is the remainder when 1563 is divided by 494?
81
Calculate the remainder when 68692 is divided by 73.
72
Calculate the remainder when 4420 is divided by 734.
16
What is the remainder when 206129 is divided by 105?
14
What is the remainder when 15449 is divided by 636?
185
What is the remainder when 33285 is divided by 61?
40
Calculate the remainder when 825213 is divided by 37.
2
Calculate the remainder when 623 is divided by 74.
31
What is the remainder when 101939 is divided by 298?
23
What is the remainder when 15479 is divided by 13?
9
What is the remainder when 2439 is divided by 833?
773
What is the remainder when 16223 is divided by 99?
86
What is the remainder when 1313 is divided by 13?
0
What is the remainder when 8367 is divided by 698?
689
Calculate the remainder when 65086 is divided by 678.
676
Calculate the remainder when 4229 is divided by 304.
277
What is the remainder when 908 is divided by 26?
24
What is the remainder when 165800 is divided by 540?
20
What is the remainder when 64155 is divided by 172?
171
Calculate the remainder when 139975 is divided by 14.
3
Calculate the remainder when 95016 is divided by 47489.
38
Calculate the remainder when 911 is divided by 48.
47
Calculate the remainder when 